r when d is divided by 18.
13
Let g(k) = -2*k. Let q be g(-5). Suppose 0 = 15*j - q*j - 80. Let f(s) = 16*s**2 - 1. What is the remainder when f(2) is divided by j?
15
Let g = -6 - -4. Calculate the remainder when 132 is divided by -9*((-2 - -1) + g).
24
Let a(i) = i**3 + 10*i**2 + 15*i + 17. Let d be a(-8). Let j = 48 - d. What is the remainder when 64 is divided by j?
18
Suppose -1199 = -27*l - 173. What is the remainder when 260 is divided by l?
32
Let c = -64 - 434. Calculate the remainder when (-1)/(-2) + c/(-12) + 5 is divided by 10/((1/1)/1).
7
Let x(t) = -3*t + 5. Let n be x(5). Calculate the remainder when (148/n)/(4/(-10)) is divided by 10.
7
Suppose 0 = 4*k - u - 25 + 5, 5*k - u = 25. Let h = 1 + k. Suppose 4*q + 0 - 9 = 5*b, -2*q + 2*b + h = 0. Calculate the remainder when 17 is divided by q.
5
Let d = 346 + -181. Calculate the remainder when d is divided by 56.
53
Let l be (-3964)/(-30) - 4/90*3. Let m = l + -66. What is the remainder when m is divided by 34?
32
Suppose -2*h = -2*p + 6, -2*h - 6*p = -p + 27. Let n(f) = -6*f + 9. Calculate the remainder when n(h) is divided by 12.
9
Suppose 0 = -5*y + y - 8. Calculate the remainder when (123/6)/(-1)*y is divided by 11.
8
Let z be 8/(-16)*(-4*6 - -2). Suppose 0 = -z*h + 91 + 107. Calculate the remainder when h is divided by 2.
0
Let c = 5 - 26. Let h = -7 - c. Calculate the remainder when 81 is divided by h.
11
Let w = 1873 - 1191. What is the remainder when w is divided by 38?
36
Suppose -2*i = -6*i + 68. Let l = 150 + i. Calculate the remainder when l is divided by 28.
27
What is the remainder when ((-14)/21)/(6/549)*-1 is divided by 17?
10
Let h = 323 + -269. Let r(p) = 5*p - 1. Suppose -4*y + 26 - 2 = l, -3*y = -4*l + 1. What is the remainder when h is divided by r(l)?
16
Let v(m) = 12*m**2 - 20*m + 13. What is the remainder when v(-3) is divided by 56?
13
Let l be 22/(-77) + (-6330)/(-7). Suppose -10*o + 286 = -l. What is the remainder when o is divided by 30?
29
Suppose 3*x + w = -5, -5*x + 5*w = -20 - 5. Suppose -3*t + 32 - 8 = x. What is the remainder when 13 is divided by t?
5
Suppose -4*q + 21 = 5. Suppose -r - o - 4*o = 14, -5*r + 17 = -q*o. What is the remainder when (r - (-138)/(-8))*-8 is divided by 33?
31
Let w = -904 + 952. What is the remainder when 138 is divided by w?
42
Let s = -59 + 71. What is the remainder when ((-102)/s)/(4/(-48)) is divided by 53?
49
Let x = -8 + 13. Suppose 0 = -x*o - 14 + 104. Let j(k) = -26*k. Calculate the remainder when j(-2) is divided by o.
16
Let w(m) = -33*m**3 - 4*m**2 + 2*m + 5. What is the remainder when 121 is divided by w(-1)?
25
Suppose 0 = p + k + 2*k - 44, 0 = -2*p - 3*k + 79. Suppose 0*y = 4*y + 3*w - 42, 4*y + 5*w = 46. Calculate the remainder when p is divided by y.
8
Let c = -1752 + 1766. Calculate the remainder when c is divided by 5.
4
Let o(u) be the first derivative of 16*u**3/3 - u**2/2 + 1. Let k = -3337 - -3346. Calculate the remainder when o(1) is divided by k.
6
Let p = 31 + -29. What is the remainder when 37 is divided by p/(-3) - 70/(-6)?
4
Let n be 14 + -16 - 4/(-2). Suppose f + f = -2*r + 132, 5*f - 3*r - 314 = n. What is the remainder when f is divided by 13?
12
Calculate the remainder when 83 is divided by 10 + -4 + 41 + -3.
39
Suppose -24*b = 13*b - 1036. Calculate the remainder when 108 is divided by b.
24
Let j(p) = 22*p**2 - 1. Let z(o) = 15*o**2 + 10*o - 9 - 16*o + 0*o**3 + o**3 + 5*o. What is the remainder when j(-1) is divided by z(-15)?
3
Suppose 28 + 2 = 2*o. Let i(z) = -z**3 + 13*z**2 + 33*z - 5. Calculate the remainder when i(o) is divided by 21.
19
Let n(z) = z**2 + 27*z + 33. Calculate the remainder when 33 is divided by n(-26).
5
Suppose 0 = 4*l + 3*p - 5626, 0 = 3*l - 6*p + 2*p - 4207. What is the remainder when l is divided by 74?
73
Let n be (-12)/30 - (-54)/10. Suppose -2*j + 197 = -5*u, n*u - 207 = -0*j - 2*j. What is the remainder when j is divided by 13?
10
Suppose 4*w + 2 = 5*y, -3*y + 4*w - 19 = -17. What is the remainder when 221 is divided by y?
1
Suppose -4*c + 4 = -28. Let g be 48/(-18) + (-2)/(-3). Calculate the remainder when g/9 - (-272)/9 is divided by c.
6
Suppose -40 = 3*k - 121. Calculate the remainder when 347 is divided by k.
23
Let u(z) = z**3 + 7*z**2 + 4*z. Suppose -2*k = 3 - 19. Let n(l) = 2*l**2 - 5*l - 18. Calculate the remainder when n(k) is divided by u(-6).
10
Let m(u) = -u**2 - 8*u - 6. Let a = -41 - -36. What is the remainder when 17 is divided by m(a)?
8
Let c be 6*4*(-2)/(-8). Let r(w) = 2*w - 9. Let v be r(c). Suppose z = -8*h + 5*h + 14, -h + 8 = -v*z. What is the remainder when 24 is divided by h?
4
Let r = 11 + -8. Suppose -153 = -r*a - 27. Let x = -21 + 36. Calculate the remainder when a is divided by x.
12
Let q = 667 + -638. Calculate the remainder when 81 is divided by q.
23
Suppose 3*p = 4*p + 5*h - 80, 0 = -2*h + 8. Suppose 12*t - p = 7*t. Suppose -3*c = t, 2*w - 5*c - 39 - 39 = 0. Calculate the remainder when w is divided by 10.
9
Suppose 28*b + 945 = 35*b. Calculate the remainder when b is divided by 2*3/(-6)*-23.
20
Let q be 6*(-8)/3 + 2. Let s = q - -17. Calculate the remainder when s is divided by (0/2 - -1)*(-6 - -8).
1
Let t = -859 - -1421. Calculate the remainder when t is divided by 47.
45
Let g(s) = -2*s + 21. Suppose -3*y - 4*i + 35 = 0, -5*y + 66 = -0*i - i. Calculate the remainder when g(-15) is divided by y.
12
Suppose 5*c + 2*p - 133 = 0, -3*c - 4*p + 66 = -c. Let u(n) = -47*n. Calculate the remainder when u(-1) is divided by c.
22
Let c be (-7 + 2)*-19*(-46)/(-5). Calculate the remainder when c/10 + 1 + (-14)/35 is divided by 31.
26
Suppose 3*i + 2*u - 90 = 0, -56 = -i - 2*u - 22. What is the remainder when 81*(2 - (1 - 0))/1 is divided by i?
25
Let a = -72 - -74. Suppose -2*h = a*h - 568. What is the remainder when h is divided by 24?
22
Suppose n = -u + 46, -4*n - 3*u + 52 = -3*n. Suppose f - 6*r = -3*r + 26, -3*f = -4*r - 53. What is the remainder when n is divided by f?
10
Let m(u) = u + 85. What is the remainder when m(-15) is divided by 4?
2
Let q(p) = -7*p**2 + 28*p - 3. Calculate the remainder when 141 is divided by q(3).
15
Let l be (-3)/6 + (-1)/(-2). Suppose 2*a - 4*a + 4*r + 10 = 0, l = 5*a - 2*r - 9. Suppose -14 - a = -3*b. What is the remainder when 19 is divided by b?
4
Suppose 5 = r, -4*n + 18 = -2*r + 4*r. Suppose 3*i - n*i = 348. Suppose 0 = -2*k - 2*k + i. What is the remainder when k is divided by 30?
27
Let h be (-11 + 4)*4/(-14). Let g be 4/8*(20 - h). Suppose 0*w + g = 3*z - 4*w, -5*z + 50 = 5*w. What is the remainder when 10 is divided by z?
3
Let h(r) = 319*r**2 + 55*r - 55. What is the remainder when h(1) is divided by 26?
7
Let l(r) = r**2 - 3*r - 11. Suppose -5*g + 8 = 5*n - 17, -5*n + 19 = -g. What is the remainder when l(8) is divided by n?
1
Let h(g) = -g**2 + 10*g - 10. What is the remainder when h(7) is divided by 9?
2
Let h = 1129 - 1025. What is the remainder when 308 is divided by h?
100
Let w = 377 - 328. What is the remainder when w is divided by 25?
24
Let a be 6*-1 + (-2)/(2 - 4). Suppose -31 = -4*u + 9. Let l = u + a. What is the remainder when 8 is divided by l?
3
What is the remainder when (-11925)/53*(-1 + 0) is divided by 59?
48
Let o be (1 + (-15)/9)*6. Let h be o/(-22) + (-383)/(-11). Calculate the remainder when 4 is divided by (-10)/h + (-60)/(-14).
0
Let p(a) = -a + 0 - 4 - 6. What is the remainder when 46 is divided by p(-18)?
6
Let b = 1334 - 1297. Calculate the remainder when 69 is divided by b.
32
Let x = 28 - 12. Suppose 0 = 4*s - s + q - 194, q = -1. Let p = s + 12. Calculate the remainder when p is divided by x.
13
Suppose v + 19 = 5*j + 4*v, 3*j = -5*v + 5. Suppose 0 = -3*k - u + 174, j*k - k - 232 = 4*u. Let h = 84 - k. Calculate the remainder when h is divided by 15.
11
Let r(u) = -u + 16. Let t be r(9). What is the remainder when ((-36)/t)/(10/(-105)) is divided by 19?
16
Suppose -5*q + 30 = 5*s, 3*q = 2*s - 4 + 7. Suppose 0 = 2*w + 3*w + 25. Let n(u) = u**3 + 4*u**2 - 4*u + 6. Calculate the remainder when s is divided by n(w).
0
Suppose -7*h = -11*h + 504. Suppose -z + 3*z + h = 0. Calculate the remainder when 14/z - (-508)/18 is divided by 10.
8
Let l be (-1)/1*(-14)/6*3. Suppose -4*p = -5*u - 232, 4*u + 153 + 75 = 4*p. Suppose 3*d = p + l. What is the remainder whe